n factor of 77 and 1409947?
77
What is the highest common factor of 966736 and 592?
592
What is the highest common divisor of 5940 and 2038905?
1485
Calculate the highest common factor of 24282 and 1314.
18
What is the highest common factor of 6175 and 104?
13
What is the highest common divisor of 3 and 3360963?
3
What is the highest common factor of 4 and 9274?
2
Calculate the greatest common factor of 12654 and 114.
114
Calculate the highest common divisor of 2638 and 1650069.
1319
What is the highest common factor of 777 and 160395?
111
What is the greatest common factor of 25578 and 119538?
522
Calculate the highest common factor of 85510 and 170.
170
Calculate the greatest common divisor of 80218 and 38.
38
What is the highest common factor of 10706 and 138224?
106
Calculate the highest common factor of 1092 and 159159.
273
What is the highest common factor of 924 and 437404?
44
Calculate the greatest common factor of 7824 and 192666.
978
Calculate the greatest common factor of 367 and 304977.
367
Calculate the greatest common factor of 50940 and 3060.
180
Calculate the highest common divisor of 68 and 93364.
68
Calculate the highest common divisor of 8407695 and 555.
555
What is the highest common divisor of 147 and 574?
7
Calculate the greatest common factor of 212424 and 3.
3
What is the greatest common factor of 647496 and 204?
204
Calculate the greatest common divisor of 6944 and 25823.
217
Calculate the greatest common factor of 3412140 and 222.
222
What is the greatest common factor of 20 and 1401020?
20
What is the highest common divisor of 590 and 2469150?
590
What is the greatest common factor of 637 and 427819?
49
What is the greatest common divisor of 2545255 and 155?
155
Calculate the greatest common factor of 42592 and 2552.
88
Calculate the greatest common factor of 1700 and 26900.
100
What is the highest common factor of 1565627 and 1337?
1337
What is the greatest common divisor of 87040 and 60?
20
What is the greatest common factor of 10251 and 18513?
153
What is the highest common divisor of 2176 and 7327?
17
Calculate the highest common divisor of 41602 and 18117.
671
What is the highest common divisor of 2312 and 93058?
578
What is the highest common divisor of 8256 and 2176?
64
Calculate the greatest common factor of 8980160 and 380.
380
Calculate the highest common divisor of 2278325 and 987.
329
What is the highest common divisor of 27800 and 1400?
200
Calculate the greatest common factor of 107875 and 500.
125
What is the greatest common divisor of 885 and 1298?
59
Calculate the highest common factor of 57584 and 59536.
976
Calculate the highest common factor of 7788 and 2244.
132
What is the greatest common divisor of 158722 and 106682?
2602
Calculate the greatest common factor of 69063 and 21.
3
Calculate the highest common factor of 4104 and 1325250.
342
Calculate the highest common divisor of 3360786 and 99.
33
Calculate the highest common factor of 498423 and 493.
493
Calculate the highest common factor of 416 and 80587.
13
Calculate the highest common factor of 840 and 8904.
168
Calculate the greatest common factor of 130396 and 560.
28
What is the highest common divisor of 46714 and 4?
2
What is the greatest common factor of 7008 and 14892?
876
What is the highest common factor of 3411 and 172066?
379
Calculate the highest common factor of 548 and 732128.
548
Calculate the greatest common divisor of 90 and 3155.
5
What is the highest common factor of 464386 and 78?
26
Calculate the highest common factor of 2416 and 43790.
302
What is the highest common divisor of 400329 and 18?
9
What is the greatest common divisor of 88218 and 32364?
522
Calculate the highest common factor of 30548 and 280.
28
Calculate the highest common divisor of 2139 and 837.
93
What is the highest common factor of 9 and 89803?
1
Calculate the greatest common divisor of 119120 and 80.
80
Calculate the highest common divisor of 2117 and 6090.
29
What is the greatest common factor of 58298 and 566?
566
Calculate the highest common divisor of 9734 and 1550.
62
What is the greatest common divisor of 338 and 65338?
26
What is the greatest common factor of 127908 and 3230?
646
What is the highest common factor of 330984 and 72?
72
Calculate the highest common factor of 928 and 5017.
29
What is the highest common factor of 6580 and 5405?
235
What is the highest common divisor of 10254 and 6?
6
Calculate the highest common factor of 5031 and 12519.
117
What is the highest common factor of 1196849 and 257?
257
What is the highest common factor of 10712 and 208?
104
Calculate the greatest common factor of 551 and 6707.
19
What is the greatest common divisor of 6 and 305484?
6
Calculate the greatest common divisor of 530280 and 360.
360
What is the greatest common factor of 44 and 352902?
22
What is the highest common factor of 287352 and 6292?
52
What is the highest common factor of 92 and 345943?
23
What is the greatest common divisor of 11826 and 324?
162
What is the greatest common divisor of 117423 and 135?
27
What is the greatest common factor of 612 and 26172?
36
What is the highest common divisor of 882 and 3294?
18
Calculate the highest common factor of 2200950 and 450.
450
Calculate the greatest common factor of 92232 and 1952.
488
What is the greatest common divisor of 1389408 and 6560?
1312
Calculate the greatest common factor of 248311 and 399.
133
Calculate the greatest common divisor of 424 and 255884.
212
Calculate the greatest common divisor of 41415 and 825.
165
Calculate the highest common divisor of 167865 and 3255.
465
What is the greatest common divisor of 1105 and 128401?
221
Calculate the highest common divisor of 1022 and 313462.
146
Calculate the greatest common divisor of 995664 and 48.
48
Calculate the greatest common divisor of 522221 and 427.
427
Calculate the highest common factor of 9136 and 982691.
571
What is the greatest common factor of 5465650 and 50?
50
Calculate the greatest common factor of 2678015 and 505.
505
What is the highest common divisor of 380436 and 1274?
98
Calculate the greatest common divisor of 1060 and 452.
4
Calculate the highest common divisor of 8748 and 738.
18
Calculate the greatest common factor of 2388 and 96.
12
Calculate the highest common factor of 571 and 169.
1
What is the greatest common divisor of 308937 and 29?
29
What is the greatest common divisor of 300 and 3216?
12
What is the highest common factor of 5120 and 11840?
320
Calculate the highest common divisor of 90657 and 21.
21
What is the greatest common factor of 6856 and 584?
8
What is the greatest common divisor of 1225 and 173450?
25
What is the highest common divisor of 231 and 102522?
21
Calculate the greatest common divisor of 71922 and 9.
3
Calculate the highest common divisor of 27860 and 1120.
140
Calculate the greatest common factor of 88138 and 4858.
694
What is the highest common divisor of 1024 and 33920?
128
What is the greatest common divisor of 1173338 and 1396?
698
What is the greatest common divisor of 8735 and 255?
5
Calculate the highest common divisor of 637882 and 138.
46
What is the greatest common factor of 129 and 948580?
43
What is the greatest common divisor of 30 and 6427?
1
Calculate the greatest common divisor of 307 and 677.
1
What is the greatest common factor of 1260 and 1233?
9
What is the highest common divisor of 98 and 6981688?
14
What is the highest common factor of 64 and 1748?
4
Calculate the greatest common factor of 7305 and 11460.
15
Calculate the highest common factor of 7 and 144389.
7
What is the greatest common divisor of 362 and 4027?
1
Calculate the highest common factor of 963 and 11493.
9
What is the greatest common factor of 5 and 83129?
1
Calculate the greatest common divisor of 1372987 and 11.
11
What is the highest common factor of 12 and 1822134?
6
Calculate the highest common factor of 2366 and 9828.
182
Calculate the highest common divisor of 153 and 241587.
153
What is the highest common divisor of 3400 and 7871?
17
Calculate the greatest common divisor of 800 and 580.
20
Calculate the highest common divisor of 1302 and 625394.
434
What is the highest common factor of 23 and 49381?
23
Calculate the greatest common divisor of 324 and 405.
81
What is the highest 